
Evaluate (24 - 0 - (-17 - (8 - 35))) + -6 - -15.
23
Calculate 3244 + -3247 + 1 + -1 + -26.
-29
Calculate 8 + -4 - 8 - (-369 + 349).
16
Evaluate 20 - (52 - (-17 - -30)).
-19
Calculate 66 - (4 + (7 - (13 + -14 - -5 - -5))).
64
-6 + -1 + (9 - 18) + 14 - -41
39
Calculate 15 - (-2 - (-3 - -18 - 15) - -96).
-79
Calculate (10 + -16 - (-12 - 0) - -13) + -10.
9
What is the value of (3 + 1 - 0) + (-23 - (5 - -24))?
-48
What is the value of (8 - (2 + (-3 - 16) - -7)) + -36?
-18
Evaluate -9 + (0 - 7) + (-21 - (-72 + 0)).
35
What is the value of -3 + -1 + 49 + -20 + 42 - 15?
52
Evaluate 0 - 7 - (-7 + (3 - 67) + 17).
47
What is 131 - 47 - 61 - (3 + 4)?
16
Calculate 52 + 52 + -72 + -45.
-13
What is -4 + (-49 - 35 - -49)?
-39
What is -2 + -126 - -113 - (0 + 2)?
-17
Calculate 6 - -11 - (112 + 117 + -81).
-131
Evaluate (64 - 4) + -184 - -69.
-55
Calculate 163 + -120 - (92 + -15).
-34
What is the value of 25 + (6 - -2) + (-12 - (8 + -9))?
22
(-36 - -66) + -26 - (28 - (5 + -5))
-24
Evaluate -82 + (-6 + 47 - (60 + 21)).
-122
What is the value of 6 + 3 + -9 + -4 + 2 - -39 - -1?
38
Evaluate -63 - (-41 + 18) - -72.
32
What is -99 + 70 + (88 - -17)?
76
-29 - ((-278 - -110) + 109)
30
What is the value of 44 + 22 + -59 - (-2 - (-1 + 66)) - -8?
82
(-23 + 27 - 38) + -10 + (-3 - -2)
-45
57 - -12 - 160 - (16 + 10)
-117
What is the value of -3358 + 3263 + (-1 - -88)?
-8
Calculate 41 + 87 + -227 + 101.
2
Calculate 2 + 1 + (-141 - (-5 + -84)).
-49
(29 - 17) + -39 + (7 - 2)
-22
What is (0 + -15 - (143 - 152)) + -9 - (107 + -15)?
-107
What is the value of (1 - -10 - (37 + (11 - 1 - 2))) + -3?
-37
Evaluate (16 - -56 - 43) + -78.
-49
(95 - 85 - (1 - -8)) + -13 + 7
-5
What is (34 - 13 - 14) + 1 + (-7 + 9 - -24)?
34
What is 0 + 10 - (32 + 5 + -11 + 0)?
-16
Evaluate 12 - (-3 - 0 - 2 - (-209 - -244)).
52
2 + 1 - (12 + -1) - (149 + 10 + -34)
-133
What is the value of -18 + (-5 - (-17 - 13) - -6)?
13
Calculate -74 - (8 - 5 - 98).
21
What is 73992 + -73980 + (1 - -85 - 1 - -1)?
98
Evaluate (9 - -6) + (8 - 12 - -8) + 5.
24
What is the value of (-17 - (-8 + 0)) + 6 + -3 + -40?
-46
What is -7 + -6 - (439 + -399)?
-53
(11 - ((0 - 9 - (3 + -73)) + 6)) + 12
-44
20 - ((495 - 506) + (7 - -1) + 1)
22
Calculate 11 - (-1 + -4 - (71 - (3 + 16))).
68
What is -119 + 105 - (-37 + -7)?
30
What is -1 + -46 + 17 + (7 + 2 - 11)?
-32
What is -12 - (-51 - -21 - 86)?
104
Evaluate 408 + -421 + (2 - (-26 + 0)).
15
Evaluate -81 - (-36 + (-72 - -106)).
-79
What is the value of (-320 - -293) + 21 + 1 - (-36 - 3)?
34
Calculate (57 - 109 - -77 - 34) + 8 + 0.
-1
Calculate -43 + -32 + 128 + (9 - -4).
66
Evaluate 52 + (44 - 97) - 9.
-10
Evaluate -5 - (-21 - (-7 + 2 - 3 - (91 + -88))).
5
What is the value of 52 + (-27 - -8) + 40?
73
Calculate 5 + (-6 + -22 + -10 - 6) + 2.
-37
What is the value of 2208 - 2189 - (25 + 1)?
-7
-10 + -22 + (6 + -10 + -2 - (1 + -6))
-33
Calculate -11 + (127 + -38 - 24) + (4 - -1).
59
What is 20 - (24 - ((16 - 5) + 43))?
50
Evaluate (11 - -12) + -3 + -35 - 27.
-42
Calculate (61 - (-3 + 3)) + (147 - (119 - -20)).
69
12 + -2 - (77 - ((-10 - -12) + -1))
-66
Calculate 0 - -2 - (3 - ((8 - -21 - -9) + -22)).
15
Evaluate 53 - (20 + -21 - -73).
-19
Calculate 85 + (13 - -41) + -35 + -31.
73
What is the value of 0 + 0 + 11 + -134 + (175 - 34)?
18
37 + 1 + 1070 + -1085
23
Evaluate (-8 - (5 + -89)) + -75.
1
What is 2 + (-2 - 52) + (-6671 - -6661)?
-62
What is 64 + 53 + (-111 - 25)?
-19
Calculate 3 + -14 + -11 + (41 - (8 - -2 - -3)).
6
Calculate 21 + -33 + -1 + 14 + -22.
-21
What is 18 + (-10 - 0) - (7 + 7) - 34?
-40
What is 55 + (20 - 6 - (-2 - (-16 + 11)))?
66
(6 - -3) + (-47 - -41) - (-11 - 19)
33
-46 + (87 - 32) - (-3 - (-16 + -2)) - -55
49
Calculate -15 - (6 - 35 - -36 - 5 - (95 - -2)).
80
What is the value of (20 - 19) + 9 - -3 - -96?
109
(-9 - -6 - (18 - (-1 + 5 - -6))) + -9
-20
16 + 2 - (81 - (21 + 15))
-27
What is the value of -76 + (38 - (42 - 37))?
-43
Calculate -12 + 7 - (-10 - 1) - (19 - (63 + -7)).
43
-4 - (7 + -10 + 3) - (31 + -1)
-34
Evaluate -114 + -72 + 78 + 221.
113
Evaluate 12 + -17 + 1 + 0 + -6 + -12.
-22
-1512 - -1589 - (-1 + 17) - 33
28
Calculate 0 + (7 - 0) - (-76 + (80 - 10)).
13
What is the value of (69 + 5 + -23 - (5 - -7)) + -3?
36
Calculate (-4 - (-5 - 5)) + (-6 - 1) + -7 + -1.
-9
What is 43 + -63 + 11 - -38?
29
Calculate -53 + -25 - -183 - 8.
97
Calculate -24 + 45 + -16 - (7 - -19) - 83.
-104
Calculate 61 + 45 + -86 - 2.
18
Calculate 5 + -22 + 11 + -22 + -3 + 0.
-31
(-23 - -14) + 11 - -49 - (1 + -1 + 8)
43
Evaluate (16 - 1) + 1001 + -972.
44
What is the value of (-35 - 17 - -19) + -98 + 116?
-15
Evaluate 14 - (-1020 + 1028 - (0 - -27)).
33
Evaluate 1 + 7 + (5575 - 5561).
22
Evaluate (1 + (-3 - -3) - 12) + -2672 + 2766.
83
What is -528 + 521 + -26 + 1 + -11?
-43
What is the value of 2 + -18 + 26 + -2 + -42?
-34
Calculate 15 + -8 + -17 + -1 + 17 - 22.
-16
Evaluate 0 - 37 - 5 - -18.
-24
Calculate 46 + -106 + 262 + -81.
121
What is the value of (-6 + 8 - 1) + -1 - (-6 + 40)?
-34
Calculate -5 - -1 - 6 - -5 - (-20 + 11).
4
What is the value of (-56 - -10) + -1075 + 1250?
129
What is 63 - (-67 - (-48 + -123))?
-41
Calculate 9 + 2 + -43 - -72.
40
8 - (6 + 1) - (-25 + (62 - 6))
-30
What is the value of 2 + -46 - ((18 - 32 - -16) + -3)?
-43
What is the value of 10 + (10 - 10) - (-34 - (-14 - -3))?
33
What is (-1 + 1 - (1 + -2) - (-132 + 133)) + 16?
16
What is -66 - (34 + (-204 - -199) + (2 - 12))?
-85
77 - (-28 - -13 - -16 - -23)
53
Calculate -141 + 173 - (-9 + (-1 - -3 - 0) + 3).
36
Calculate (567 - 606) + (-47 - -2).
-84
Calculate (274 - 70) + -25 + -63.
116
Evaluate 26 + (11 - -1) + -324 + 167.
-119
What is the value of 14 - 0 - (-7 - (38 + 16 + -47))?
28
Evaluate 3 + -79 + (64 - (47 - 14)).
-45
-60 - (-27 - (-47 - -53))
-27
-2752 - -2793 - ((-2 - -1) + 6)
36
Evaluate 19 + 0 + 4 + 0 - (-334 + 418).
-61
What is the value of -91 + (36 - (-11 - -93)) - -6?
-131
What is the value of (-12 - -10) + (1 - 6) + (7 - 6 - 5)?
-11
(-8 - (-2 + -4 + 9 + -25 + 23)) + 54
45
What is -94 + 55 - 81 - -160?
40
What is the value of 2 - (5 + -25 - 14)?
36
-66 - -15 - (-5 + 2 + -16)
-32
What is (725 - 728) + 4 + (2 - 4) + 10?
9
What is (-32385 - -32416) + (6 - (0 - 1))?
38
Evaluate (2 + -3 - (-6 + 8)) + -15.
-18
What is -9 + 36 + -36 - -3 - (-1 + (98 - 0))?
-103
What is the value of 0 - 119 - -3 - (-16 + (211 - 199))?
-112
What is 50 - (6 - (-21 + -6 + 11))?
28
Calculate -7 + (3 - 4) + (-97 - -88).
-17
Calculate 140 - (-90 + 356 + -87).
-39
What is 46 + -11 + (1 - -5) + 15 + -18 + 8?
46
What is the value of 162 - 38 - (88 + 40)?
-4
-79 + (1 + (7 - 4) - (-34 + 28))
-69
19 + -60 + 31 - (-14 - 6) - (2 - 52)
60
What is (-65 - -49) + (-19 - (-18 + 5 + 6))?
-28
(-4147 - -4140) + 1 + 115
109
1 + -6 - (-126 + 202 - (-2 + (-7 - 0)))
-90
Evaluate -13 - (-61 - -73) - -86.
61
Evaluate (-107 - -37) + 55 + 1 + -59.
-73
Evaluate -32 + 25 - (14 - -58).
-79
-79 + (0 + 9 + (-12 - (17 - 23)) - 8)
-84
Calculate (-1 - -5) + (-34 - 11) + 20 + (1 - -2).
-18
What is the value of (36 - 2) + (81 - (-80 - -139))?
56
What is the value of (11 - (-30 + 21)) + 16 - (-13 - -1)?
48
Evaluate -27 + -66 + 22 + 29 + 17.
-25
What is 2 + 5 - (-38 - -20 - -37)?
-12
Evaluate 79 - (12 + 13 + -82 + 108).
28
Calculate (9 - (-10 - -11)) + 13 + (0 - 2).
19
What is the value of 96 + -76 + 124 - 153?
-9
What is the value of (-13 - (-13 - -4 - 8)) + (-7 - -16 - 1)?
12
What is 20 - (25 - 9) - (4 - (-4 + (-31 - -2)))?
-33
What is -43 - (-57 + 25 + 22)?
-33
Evaluate (7 - 25 - 3) + 42 + -17.
4
-89 - -95 - ((4 - (3 + 0)) + 4 + -138)
139
Evaluate 22 + (-65 - -18) + (1 - -99).
75
Evaluate -17 + 25 + -30 + (-4 - (-3 - 6)).
-17
(-3 - 45) + (941 - 845)
48
Evaluate 4 + (11 - (-69 - (6 + -20 + 6) - 1)).
77
What is (-1 - 0 - (-15 + 11)) + (97 - 84)?
16
What is the value of (100 - (-79 - -128)) + -169?
-118
Evaluate 88 + -60 + 26 + -33 - 17.
4
Evaluate 28 + -2 + 0 + -9 + 57 + (-1 - 2).
71
-1 - 0 - 43 - (128 + -126 - (0 + 16))
-30
What is (7038 - 6995) + 5 + 2 + (2 - 1) + -2?
49
What is the value of ((1 - -31) + (-58 - -39) - -3) + (92 - -3)?
111
What is (84 - -2) + -95 + 6?
-3
Calculate (25 - 15) + -27 - (-48 + -6).
37
What is -11 + (22 - (-42 + 27)) + -9?
17
What is the value of (-4 - -9) + -9 - (-5 - (-3 + 3 - 6))?
-5
Evaluate 95 + (-93 - 90) - 37.
-125
(-81 -